4*s - 2 + 8 = 3*h, -21 = -3*h - s. Let k = 4 + -1. What is the highest common factor of k and h?
3
Suppose 4*o - 106 = 2*d, 0*d = -4*o - d + 97. Let f = 90 + 35. Calculate the greatest common divisor of f and o.
25
Suppose 0 = -2*u + 2*k + 50, -3*u = 2*u + 2*k - 139. Suppose -2*r = r - u. Let x be 7/(-3)*(0 - r). What is the greatest common factor of 189 and x?
21
Suppose -12 = -x - 3*x. Suppose x*f - 8 = v, f + 14 = 5*f + 2*v. What is the highest common divisor of f and 1?
1
Suppose -8 - 12 = -4*y. What is the highest common divisor of y and 5?
5
Let b be 6/5*(-200)/(-15). Let a = 43 - b. What is the highest common divisor of a and 9?
9
Let w(u) = 3*u**2 - 3. Suppose 5*p - 12 + 3 = s, -3 = -p. Suppose -2*l = -s*l - 12. Let q be w(l). What is the highest common divisor of q and 36?
12
Let n = -133 - -162. What is the highest common factor of 29 and n?
29
Suppose 112 = 5*h - 88. Suppose 7 = 2*j - 3. Let k = j + 0. What is the greatest common factor of k and h?
5
Let q(x) = 9*x + 11. Let f be q(13). Calculate the highest common factor of f and 16.
16
Let a(h) = -h**2 + 10*h - 5. Let t be a(6). Suppose c = -5*o + 70, -o = -3*c - 2*o + 280. What is the greatest common factor of c and t?
19
Suppose -2*t - t - 3*z + 45 = 0, 0 = 5*t - 2*z - 68. Calculate the greatest common factor of t and 35.
7
Suppose 0 = 4*a - k - 357, -3*a + 4*a = -4*k + 68. Calculate the greatest common factor of 11 and a.
11
Suppose 7*y = 3*y + 8. Suppose 4*s - 165 + 25 = 2*r, -y*s + 5*r + 54 = 0. Suppose s + 103 = 4*z. Calculate the highest common factor of z and 14.
7
Let n be 12 + 2/1 + 1. Calculate the greatest common divisor of n and 25.
5
Suppose -4*v = 6*v - 240. Calculate the greatest common divisor of 72 and v.
24
Let q = 11 + 0. Calculate the highest common divisor of q and 22.
11
Suppose -2*n + 5 = 2*o - 1, -4*o + 4*n = 12. Let g be (-3 - o)/((-1)/4). What is the highest common factor of 120 and g?
12
Suppose -5*z = 3*y - 117 + 31, -y = -5*z + 98. Suppose 9 + 13 = -2*f. Let u = f + z. What is the greatest common factor of 1 and u?
1
Let y = 54 - 20. What is the highest common factor of y and 170?
34
Let j be (-14)/(-5)*(-6 + (55 - 4)). What is the highest common factor of j and 28?
14
Suppose -x - 4*x = -285. Calculate the greatest common divisor of x and 19.
19
Let i be -5*((-32)/5)/4. Let a(n) = -n**3 + 9*n**2 - 7*n + 10. Let d be a(i). Suppose 3*l - 6*l = -594. What is the highest common factor of l and d?
18
Let g(d) = 2*d**2 + 7*d + 3. Suppose -2*r - 6 = z, 8 = -2*r - 3*r + z. Let t = r + -4. Let h be g(t). What is the greatest common divisor of 3 and h?
3
Let b = -1 + 2. Let d be ((-2)/(6/(-3)))/b. Let z be ((-88)/(-20))/(d/5). Calculate the highest common divisor of z and 55.
11
Suppose l = -0*l + 6. What is the highest common factor of 24 and l?
6
Suppose -x + 4 = h, x = -5*h + 10 + 22. Let g = 28 - 48. Let i = g + 48. What is the highest common factor of h and i?
7
Suppose -4*s + 348 + 280 = 0. Suppose -s = 3*z + 2*o, -2*z + 3*o = z + 147. Let b be (z/(-6))/((-1)/(-2)). What is the highest common divisor of 136 and b?
17
Let b(t) = -t + 10. Let m be b(9). Let p(i) = 16*i**3 - i**2 + i - 1. Let c be p(m). Calculate the greatest common factor of 6 and c.
3
Let b(h) = h**3 + 3*h**2 - 2*h - 4. Let k be b(-3). Suppose -5 = -k*r + r. Suppose 0*q = -3*q + 60. What is the highest common factor of q and r?
5
Let w(g) = 4*g**3 + g**2 - g - 1. Let a be w(2). Calculate the greatest common divisor of 22 and a.
11
Let t be 2 - -2 - 0 - -6. What is the greatest common factor of 40 and t?
10
Let h be 2/5 - (-718)/5. Let t(o) = -o**2 + 11*o - 6. Let s be t(8). What is the highest common factor of s and h?
18
Suppose 0*i = -i - 30. Let j be (-42)/(-8) + i/(-40). Calculate the greatest common factor of j and 30.
6
Let x(m) = -2*m - 9. Suppose -5*y - 20 = -y, 0 = -5*f - 2*y - 5. Suppose -f = s + 7. Let k be x(s). What is the highest common divisor of k and 1?
1
Let y = -58 - -133. What is the highest common divisor of 60 and y?
15
Let p = 1 - -6. Calculate the greatest common divisor of 7 and p.
7
Let v = -101 - -185. What is the greatest common divisor of 21 and v?
21
Let s(f) = -12*f**3 - f**2 - 2*f - 1. Let u be s(-1). Let x = 12 - 10. Suppose -x*a + 98 = -70. Calculate the highest common factor of a and u.
12
Suppose 9 = -0*l + 3*l. Suppose -5*k + 2*k + 6 = 0. Suppose -u + 10 = k*o - 44, -3*u - l*o + 153 = 0. Calculate the highest common divisor of 12 and u.
12
Let p be ((-3)/(-2) + -1)*0. Suppose g = -p*g + 196. Let k be (6/(-4))/((-21)/g). What is the highest common divisor of 112 and k?
14
Suppose -3*x + 78 = 3*r, r + 3*x + 114 = 6*r. Calculate the highest common divisor of r and 60.
12
Let j = 76 + -28. Calculate the greatest common divisor of j and 120.
24
Let r(q) = q**3 - 8*q**2 + 8*q + 1. Let l be r(7). What is the greatest common divisor of 16 and l?
8
Let c(d) = -43*d + 5. Let x be c(-5). What is the highest common divisor of 20 and x?
20
Let f = 3 + 5. Calculate the greatest common factor of 8 and f.
8
Suppose -3*u - 2*u = -135. Suppose 309 = 5*o - 231. What is the greatest common factor of u and o?
27
Let u be 3 + -2 + 1*8. Suppose -3*k + 75*h = 74*h - 299, 3*h = -5*k + 489. What is the highest common factor of k and u?
9
Suppose 4*o - 2*m - 16 + 4 = 0, -5*o - m + 1 = 0. Let c be -98*(o + 1 + -3). What is the highest common divisor of c and 14?
14
Let r be ((-5)/(-1))/(4/12). Let z be 758/14 + 12/(-84). Let m = 129 - z. What is the greatest common factor of r and m?
15
Let q = 18 - 7. What is the greatest common divisor of 121 and q?
11
Let t = 43 - -42. Suppose -5*z = -4*m + 141, -5*m - 5*z + 97 + 68 = 0. Calculate the greatest common divisor of m and t.
17
Suppose w - 4*b = -0*b + 29, 0 = 5*w + 5*b - 245. Calculate the highest common divisor of 30 and w.
15
Let n(b) be the first derivative of b**2/2 + b - 3. Let o be n(3). Calculate the greatest common factor of 12 and o.
4
Let m be 20/(-90) + (-3334)/(-18) + 2. Calculate the greatest common divisor of 11 and m.
11
Suppose -2*a + 681 = a. Suppose -5*d + 53 + a = 0. Let j = 8 + -1. What is the greatest common factor of d and j?
7
Suppose -3*h + 15 = -3. Let r(g) = -3*g + 1. Let a be r(-1). Suppose -266 = a*p - h*p. What is the highest common divisor of p and 19?
19
Let t = -3 + 6. Let d = 26 - 20. Calculate the greatest common factor of t and d.
3
Let v(g) = -g - 4. Let c be v(-6). Suppose -c*f - 130 = -7*f. Calculate the highest common factor of 208 and f.
26
Let b = 50 + -29. Suppose -8 - 4 = -4*g. What is the greatest common factor of g and b?
3
Suppose 0 = 4*y - s + 3*s - 62, 0 = 2*y + 5*s - 27. Calculate the greatest common factor of 112 and y.
16
Let s be 0 - (0 - (0 - -9)). Suppose 0 = 3*d - d - 198. What is the highest common divisor of d and s?
9
Suppose 2*k = 4*d - 318, 69 = -2*d + 3*d - 4*k. What is the greatest common factor of 9 and d?
9
Let j(l) = 12*l - 12. Let p be j(6). Calculate the greatest common divisor of p and 15.
15
Let f be (526 + 2)*1 + 0. Suppose -3*x + 0*x = -f. What is the highest common divisor of 16 and x?
16
Let u = -8 + 5. Let x(n) = 2*n + 5. Let p(h) = h + 1. Let k(g) = -15*p(g) + 3*x(g). Let d be k(u). Calculate the greatest common divisor of d and 18.
9
Let c = -116 - -121. What is the greatest common factor of c and 50?
5
Let h be 22/4 + 4/(-8). What is the greatest common divisor of 55 and h?
5
Suppose 5*c + 153 + 27 = 0. Let g = c + 60. Let u = -1 - -9. What is the highest common divisor of u and g?
8
Let g(a) = -a**2 + 6*a - 6. Let n be g(6). Let u be n*4/(-16)*2. What is the greatest common factor of u and 27?
3
Suppose -o + b = -34, 0 = -o + 5*o + 5*b - 127. What is the greatest common factor of o and 33?
33
Suppose -4*q = -2*o + 50, -2*o = -q - q - 56. What is the greatest common divisor of 62 and o?
31
Suppose -2*h - 1 = -13. Calculate the greatest common factor of h and 3.
3
Let l be 40/(-6)*30/(-4). Let w(o) = 2*o**2 - 5*o + 8. Let r be w(4). Calculate the highest common factor of r and l.
10
Let f be 24/(-1)*32/(-24). Calculate the greatest common factor of f and 8.
8
Suppose 2*w - i + 25 = 4*i, 15 = w + 3*i. Let g be (-3 - -10) + w/2. Let p = -4 - -5. Calculate the highest common factor of p and g.
1
Let b(a) = a**3 + a**2 + a + 7. Let x be b(0). Suppose x*k 